{"id":69,"date":"2021-10-12T08:04:46","date_gmt":"2021-10-12T06:04:46","guid":{"rendered":"http:\/\/positivesinnovations.fr\/?page_id=69"},"modified":"2025-12-04T14:48:14","modified_gmt":"2025-12-04T13:48:14","slug":"formation","status":"publish","type":"page","link":"https:\/\/www.positivesinnovations.fr\/index.php\/formation\/","title":{"rendered":"#Accompagement  #Facilitation  #Sensibilisation"},"content":{"rendered":"<div class=\"wp-block-image\">\n<figure class=\"alignleft size-full is-resized\"><img loading=\"lazy\" decoding=\"async\" width=\"634\" height=\"748\" src=\"http:\/\/positivesinnovations.fr\/wp-content\/uploads\/2021\/10\/2.jpg\" alt=\"\" class=\"wp-image-186\" style=\"width:320px;height:378px\" srcset=\"https:\/\/www.positivesinnovations.fr\/wp-content\/uploads\/2021\/10\/2.jpg 634w, https:\/\/www.positivesinnovations.fr\/wp-content\/uploads\/2021\/10\/2-254x300.jpg 254w\" sizes=\"(max-width: 634px) 100vw, 634px\" \/><\/figure><\/div>\n\n\n<p><\/p>\n\n\n\n<h5 class=\"wp-block-heading\"><strong><mark style=\"background-color:rgba(0, 0, 0, 0)\" class=\"has-inline-color has-nv-c-2-color\"># VOUS ACCOMPAGNER ET Faciliter la co-construction de vos prises de d\u00e9cisions collectives<\/mark> <\/strong> <\/h5>\n\n\n\n<h6 class=\"wp-block-heading\"><strong>Vous avez une probl\u00e9matique, vous d\u00e9sirez \u00eatre accompagn\u00e9, conseill\u00e9, \u00e9clair\u00e9 pour que vous co-construisiez une ou des solutions positives pour votre organisation.<\/strong><\/h6>\n\n\n\n<h6 class=\"wp-block-heading\"><strong>Vous voulez r\u00e9soudre collectivement des probl\u00e9matiques pour qu&rsquo;elles soient enrichies des comp\u00e9tences, des talents et des r\u00e9seaux de chacun. Puis qu&rsquo;ensemble une ou des innovations positives \u00e9mergent et surtout soient mises en action. <\/strong><\/h6>\n\n\n\n<h6 class=\"wp-block-heading\"><strong>R\u00e9fl\u00e9chie avec vous, l&rsquo;accompagnement et sa facilitation permettent de mieux cerner la probl\u00e9matique, \u00e9ventuellement de la faire pivoter ou \u00e9voluer, de poser le cadre de la r\u00e9flexion \u00e0 venir (ce qui est ouvert \u00e0 la discussion et ce qui ne l&rsquo;est pas) et d&rsquo;ouvrir \u00e0 la co-construction de solutions positives et durables pour les mettre en \u0153uvre. <\/strong><\/h6>\n\n\n\n<figure class=\"wp-block-gallery alignleft has-nested-images columns-default is-cropped wp-block-gallery-1 is-layout-flex wp-block-gallery-is-layout-flex\">\n<figure class=\"wp-block-image size-full\"><img loading=\"lazy\" decoding=\"async\" width=\"1600\" height=\"1200\" data-id=\"438\" src=\"https:\/\/www.positivesinnovations.fr\/wp-content\/uploads\/2025\/12\/condition-publique2-1.jpg\" alt=\"\" class=\"wp-image-438\" srcset=\"https:\/\/www.positivesinnovations.fr\/wp-content\/uploads\/2025\/12\/condition-publique2-1.jpg 1600w, https:\/\/www.positivesinnovations.fr\/wp-content\/uploads\/2025\/12\/condition-publique2-1-300x225.jpg 300w, https:\/\/www.positivesinnovations.fr\/wp-content\/uploads\/2025\/12\/condition-publique2-1-1024x768.jpg 1024w, https:\/\/www.positivesinnovations.fr\/wp-content\/uploads\/2025\/12\/condition-publique2-1-768x576.jpg 768w, https:\/\/www.positivesinnovations.fr\/wp-content\/uploads\/2025\/12\/condition-publique2-1-1536x1152.jpg 1536w\" sizes=\"(max-width: 706px) 89vw, (max-width: 767px) 82vw, 740px\" \/><\/figure>\n<\/figure>\n\n\n\n<h5 class=\"wp-block-heading\"><mark style=\"background-color:rgba(0, 0, 0, 0)\" class=\"has-inline-color has-nv-c-2-color\"><strong> <strong># Vous accompagner vers des transitions positives<\/strong><\/strong><\/mark>, <strong><mark style=\"background-color:rgba(0, 0, 0, 0)\" class=\"has-inline-color has-nv-c-2-color\">sur les<\/mark><\/strong><mark style=\"background-color:rgba(0, 0, 0, 0)\" class=\"has-inline-color has-nv-c-2-color\"><strong> enjeux du d\u00e9veloppement durable<\/strong> <strong>et sur de nouveaux mod\u00e8les \u00e9conomiques et soci\u00e9taux  <\/strong><\/mark><\/h5>\n\n\n\n<h6 class=\"wp-block-heading\">Vous d\u00e9sirez mieux comprendre et connaitre les enjeux d&rsquo;un d\u00e9veloppement vraiment durable et pour vos clients ou usagers et pour vos collaborateurs et pour vos partenaires et pour votre territoire et pour la plan\u00e8te. <\/h6>\n\n\n\n<h6 class=\"wp-block-heading\"><strong>Sous forme<mark style=\"background-color:rgba(0, 0, 0, 0)\" class=\"has-inline-color has-neve-link-color-color\"> d&rsquo;at<\/mark>eli<mark style=\"background-color:rgba(0, 0, 0, 0)\" class=\"has-inline-color has-neve-link-color-color\">ers collaboratifs<\/mark> ou de<mark style=\"background-color:rgba(0, 0, 0, 0)\" class=\"has-inline-color has-neve-link-hover-color-color\"> conf\u00e9rences<\/mark><\/strong>, vos \u00e9quipes seront sensibilis\u00e9es et mises en actions de mani\u00e8re tr\u00e8s concr\u00e8te.<\/h6>\n\n\n\n<p><strong>Le travail que vous m\u00e8nerez sera enrichi par notre exp\u00e9rience d\u00e9velopp\u00e9e aupr\u00e8s des entreprises, des collectivit\u00e9s et des associations. Comment passer d&rsquo;un \u00ab\u00a0Business or Service as usual\u00a0\u00bb \u00e0 la responsabilit\u00e9 et \u00e0 l&rsquo;utilit\u00e9 soci\u00e9tale ?<\/strong><\/p>\n\n\n\n<p><strong><span class=\"has-inline-color has-neve-link-color-color\">N&rsquo;h\u00e9sitez pas \u00e0 prendre RDV au 06 85 59 85 98<\/span><\/strong><\/p>\n\n\n\n<h5 class=\"wp-block-heading\"><mark style=\"background-color:rgba(0, 0, 0, 0)\" class=\"has-inline-color has-nv-c-2-color\"><strong># Sensibiliser \u00e0 la permaculture source d&rsquo;innovations plus que positives pour votre organisation<\/strong> <strong>directement inspir\u00e9es du vivant  <\/strong><\/mark><\/h5>\n\n\n\n<h6 class=\"wp-block-heading\">Pour l<a href=\"https:\/\/institutpermacultureappliquee.fr\/\" data-type=\"URL\" data-id=\"https:\/\/institutpermacultureappliquee.fr\/\"><strong>&lsquo;institut de la permaculture Appliqu\u00e9e aux organisations<\/strong><\/a> Positives Innovations intervient pour que l&rsquo;\u00e9thique et les principes de la permaculture inspir\u00e9s du vivant soient sources d&rsquo;innovations positives. <\/h6>\n","protected":false},"excerpt":{"rendered":"<p># VOUS ACCOMPAGNER ET Faciliter la co-construction de vos prises de d\u00e9cisions collectives Vous avez une probl\u00e9matique, vous d\u00e9sirez \u00eatre accompagn\u00e9, conseill\u00e9, \u00e9clair\u00e9 pour que vous co-construisiez une ou des solutions positives pour votre organisation. Vous voulez r\u00e9soudre collectivement des probl\u00e9matiques pour qu&rsquo;elles soient enrichies des comp\u00e9tences, des talents et des r\u00e9seaux de chacun. Puis &hellip; <\/p>\n<p class=\"link-more\"><a href=\"https:\/\/www.positivesinnovations.fr\/index.php\/formation\/\" class=\"more-link\">Continuer la lecture<span class=\"screen-reader-text\"> de &laquo;&nbsp;#Accompagement  #Facilitation  #Sensibilisation&nbsp;&raquo;<\/span><\/a><\/p>\n","protected":false},"author":1,"featured_media":0,"parent":0,"menu_order":0,"comment_status":"closed","ping_status":"closed","template":"","meta":{"footnotes":""},"_links":{"self":[{"href":"https:\/\/www.positivesinnovations.fr\/index.php\/wp-json\/wp\/v2\/pages\/69"}],"collection":[{"href":"https:\/\/www.positivesinnovations.fr\/index.php\/wp-json\/wp\/v2\/pages"}],"about":[{"href":"https:\/\/www.positivesinnovations.fr\/index.php\/wp-json\/wp\/v2\/types\/page"}],"author":[{"embeddable":true,"href":"https:\/\/www.positivesinnovations.fr\/index.php\/wp-json\/wp\/v2\/users\/1"}],"replies":[{"embeddable":true,"href":"https:\/\/www.positivesinnovations.fr\/index.php\/wp-json\/wp\/v2\/comments?post=69"}],"version-history":[{"count":24,"href":"https:\/\/www.positivesinnovations.fr\/index.php\/wp-json\/wp\/v2\/pages\/69\/revisions"}],"predecessor-version":[{"id":439,"href":"https:\/\/www.positivesinnovations.fr\/index.php\/wp-json\/wp\/v2\/pages\/69\/revisions\/439"}],"wp:attachment":[{"href":"https:\/\/www.positivesinnovations.fr\/index.php\/wp-json\/wp\/v2\/media?parent=69"}],"curies":[{"name":"wp","href":"https:\/\/api.w.org\/{rel}","templated":true}]}}

<div class="wp-block-image">
<figure class="alignleft size-full is-resized"><img loading="lazy" decoding="async" width="634" height="748" src="http://positivesinnovations.fr/wp-content/uploads/2021/10/2.jpg" alt="" class="wp-image-186" style="width:320px;height:378px" srcset="https://www.positivesinnovations.fr/wp-content/uploads/2021/10/2.jpg 634w, https://www.positivesinnovations.fr/wp-content/uploads/2021/10/2-254x300.jpg 254w" sizes="(max-width: 634px) 100vw, 634px" /></figure></div>


<p></p>



<h5 class="wp-block-heading"><strong><mark style="background-color:rgba(0, 0, 0, 0)" class="has-inline-color has-nv-c-2-color"># VOUS ACCOMPAGNER ET Faciliter la co-construction de vos prises de décisions collectives</mark> </strong> </h5>



<h6 class="wp-block-heading"><strong>Vous avez une problématique, vous désirez être accompagné, conseillé, éclairé pour que vous co-construisiez une ou des solutions positives pour votre organisation.</strong></h6>



<h6 class="wp-block-heading"><strong>Vous voulez résoudre collectivement des problématiques pour qu&rsquo;elles soient enrichies des compétences, des talents et des réseaux de chacun. Puis qu&rsquo;ensemble une ou des innovations positives émergent et surtout soient mises en action. </strong></h6>



<h6 class="wp-block-heading"><strong>Réfléchie avec vous, l&rsquo;accompagnement et sa facilitation permettent de mieux cerner la problématique, éventuellement de la faire pivoter ou évoluer, de poser le cadre de la réflexion à venir (ce qui est ouvert à la discussion et ce qui ne l&rsquo;est pas) et d&rsquo;ouvrir à la co-construction de solutions positives et durables pour les mettre en œuvre. </strong></h6>



<figure class="wp-block-gallery alignleft has-nested-images columns-default is-cropped wp-block-gallery-1 is-layout-flex wp-block-gallery-is-layout-flex">
<figure class="wp-block-image size-full"><img loading="lazy" decoding="async" width="1600" height="1200" data-id="438" src="https://www.positivesinnovations.fr/wp-content/uploads/2025/12/condition-publique2-1.jpg" alt="" class="wp-image-438" srcset="https://www.positivesinnovations.fr/wp-content/uploads/2025/12/condition-publique2-1.jpg 1600w, https://www.positivesinnovations.fr/wp-content/uploads/2025/12/condition-publique2-1-300x225.jpg 300w, https://www.positivesinnovations.fr/wp-content/uploads/2025/12/condition-publique2-1-1024x768.jpg 1024w, https://www.positivesinnovations.fr/wp-content/uploads/2025/12/condition-publique2-1-768x576.jpg 768w, https://www.positivesinnovations.fr/wp-content/uploads/2025/12/condition-publique2-1-1536x1152.jpg 1536w" sizes="(max-width: 706px) 89vw, (max-width: 767px) 82vw, 740px" /></figure>
</figure>



<h5 class="wp-block-heading"><mark style="background-color:rgba(0, 0, 0, 0)" class="has-inline-color has-nv-c-2-color"><strong> <strong># Vous accompagner vers des transitions positives</strong></strong></mark>, <strong><mark style="background-color:rgba(0, 0, 0, 0)" class="has-inline-color has-nv-c-2-color">sur les</mark></strong><mark style="background-color:rgba(0, 0, 0, 0)" class="has-inline-color has-nv-c-2-color"><strong> enjeux du développement durable</strong> <strong>et sur de nouveaux modèles économiques et sociétaux  </strong></mark></h5>



<h6 class="wp-block-heading">Vous désirez mieux comprendre et connaitre les enjeux d&rsquo;un développement vraiment durable et pour vos clients ou usagers et pour vos collaborateurs et pour vos partenaires et pour votre territoire et pour la planète. </h6>



<h6 class="wp-block-heading"><strong>Sous forme<mark style="background-color:rgba(0, 0, 0, 0)" class="has-inline-color has-neve-link-color-color"> d&rsquo;at</mark>eli<mark style="background-color:rgba(0, 0, 0, 0)" class="has-inline-color has-neve-link-color-color">ers collaboratifs</mark> ou de<mark style="background-color:rgba(0, 0, 0, 0)" class="has-inline-color has-neve-link-hover-color-color"> conférences</mark></strong>, vos équipes seront sensibilisées et mises en actions de manière très concrète.</h6>



<p><strong>Le travail que vous mènerez sera enrichi par notre expérience développée auprès des entreprises, des collectivités et des associations. Comment passer d&rsquo;un « Business or Service as usual » à la responsabilité et à l&rsquo;utilité sociétale ?</strong></p>



<p><strong><span class="has-inline-color has-neve-link-color-color">N&rsquo;hésitez pas à prendre RDV au 06 85 59 85 98</span></strong></p>



<h5 class="wp-block-heading"><mark style="background-color:rgba(0, 0, 0, 0)" class="has-inline-color has-nv-c-2-color"><strong># Sensibiliser à la permaculture source d&rsquo;innovations plus que positives pour votre organisation</strong> <strong>directement inspirées du vivant  </strong></mark></h5>



<h6 class="wp-block-heading">Pour l<a href="https://institutpermacultureappliquee.fr/" data-type="URL" data-id="https://institutpermacultureappliquee.fr/"><strong>&lsquo;institut de la permaculture Appliquée aux organisations</strong></a> Positives Innovations intervient pour que l&rsquo;éthique et les principes de la permaculture inspirés du vivant soient sources d&rsquo;innovations positives. </h6>

<p># VOUS ACCOMPAGNER ET Faciliter la co-construction de vos prises de décisions collectives Vous avez une problématique, vous désirez être accompagné, conseillé, éclairé pour que vous co-construisiez une ou des solutions positives pour votre organisation. Vous voulez résoudre collectivement des problématiques pour qu&rsquo;elles soient enrichies des compétences, des talents et des réseaux de chacun. Puis &hellip; </p>
<p class="link-more"><a href="https://www.positivesinnovations.fr/index.php/formation/" class="more-link">Continuer la lecture<span class="screen-reader-text"> de &laquo;&nbsp;#Accompagement  #Facilitation  #Sensibilisation&nbsp;&raquo;</span></a></p>
